st common divisor of v and s?
14
Let h(s) = 3*s**3 - s**2 - s + 1. Let y be h(2). Let o(m) = 5*m - 6. Suppose 13 = 5*v - 12. Let b be o(v). What is the greatest common factor of b and y?
19
Let y = -6 - -36. Calculate the greatest common divisor of y and 12.
6
Let v(q) = -q**3 - 8*q**2 - 9*q + 28. Let j be v(-9). What is the greatest common divisor of j and 19?
19
Suppose 5*d - 20 = 3*d. Suppose -5*y - 85 = -3*w - 3*y, 4*w - 3*y - 115 = 0. Let o = 40 - w. What is the greatest common factor of d and o?
5
Let g(z) = 2*z**2 - 6*z - 5. Let u be g(-5). Suppose -2*w - 3*w + u = 0. Let b = w + -4. Calculate the highest common factor of b and 88.
11
Suppose 2*w + 84 = 3*w. Suppose -12*x + w = -8*x. Calculate the greatest common divisor of x and 14.
7
Let b(w) = w**3 + 6*w**2 - 6*w + 2. Let j be b(-6). Let d be (j/(-4))/((-1)/4). Let s be (-19)/(4/(-4))*3. What is the greatest common factor of s and d?
19
Suppose 5*u - 672 = -3*u. Let x be (-1)/(1/(-21) + 0). Calculate the greatest common factor of u and x.
21
Suppose l + 6 = 4*l. Let m be (-5)/15 - (-23)/(-3). Let f = -3 - m. What is the greatest common factor of l and f?
1
Suppose 2*u - 2*v - 32 = 52, u - 30 = 5*v. Suppose -4*q + u = -0*q + d, -5*q = 4*d - 70. What is the highest common factor of q and 90?
10
Suppose 3*w - 348 = 3*h, -3*w = 3*h + 90 - 468. Let a = w + -31. Calculate the highest common divisor of a and 36.
18
Let q = 2 - -3. Suppose 5 = q*c, p - 4*c - 20 = -3*p. Suppose -3*u - 60 = -8*u. Calculate the greatest common divisor of u and p.
6
Let u = 229 + -157. Let h(x) = 5 - 3*x + 0*x**3 + 2*x**3 - x**2 - 2. Let a be h(2). What is the highest common divisor of a and u?
9
Suppose 2*h - w = 12, 2*h + 3*w = 10 + 2. Calculate the highest common factor of 9 and h.
3
Let t = 40 + 0. Calculate the greatest common divisor of 30 and t.
10
Let k be (-1 - -62) + 1/(-1). Let h be 2/2 - (-28)/2. Suppose w = h - 3. What is the highest common factor of w and k?
12
Suppose 4*m + m = 0. Suppose -5*x - 3*r + 194 = m, -2*r + 36 = 3*x - 2*x. What is the greatest common divisor of 10 and x?
10
Let f(n) = n + 3. Let u be f(0). Let t = -1 + 1. Suppose 4*a = -u*l + 33, t = 4*l + 2*a - 3*a - 44. What is the greatest common divisor of l and 11?
11
Let b be (-2 - -9)*(3 + -1). Suppose -4*a + 78 - b = 0. Calculate the greatest common divisor of a and 112.
16
Let x(i) = -i**2 + 2*i + 28. Let m be x(0). Calculate the greatest common divisor of 42 and m.
14
Let u be ((-54)/4)/((-5)/30). What is the highest common factor of 27 and u?
27
Suppose -15*v + 19*v = 360. Calculate the highest common factor of 30 and v.
30
Let v(s) = -s**2 + 12*s + 2. Let w be v(10). Calculate the greatest common factor of 2 and w.
2
Let m(x) = -x**3 + 2*x**2 + 4*x - 3. Let j be m(3). Suppose j = l - 5*l - i + 36, -2 = -l - 2*i. What is the highest common divisor of l and 90?
10
Let i = 44 - 30. Calculate the highest common divisor of 14 and i.
14
Suppose -2*v + v + a - 1 = 0, -a + 1 = 0. Suppose v = -0*i + 2*i + 74. Let j = i - -93. What is the greatest common divisor of 7 and j?
7
Let b be -3*10*6/(-9). Let p = -12 + b. Calculate the highest common factor of p and 88.
8
Suppose 3*n + 0*n = 5*s - 11, 0 = -5*s - 5*n - 5. What is the greatest common factor of s and 4?
1
Suppose 0 = -3*t - 247 + 7. Let r be 68*2 - (-1 - 0). Let j = t + r. Calculate the greatest common factor of 19 and j.
19
Suppose 69 = 5*g - 31. Calculate the greatest common factor of 10 and g.
10
Let r = 58 + -37. Calculate the highest common factor of r and 9.
3
Suppose 2*b = 5*b + 3*p + 9, p - 4 = 0. Let x = 13 + b. Calculate the greatest common factor of 42 and x.
6
Let p = 22 + -14. Calculate the highest common factor of p and 24.
8
Let j = 6 + 4. Let u be 30/4*j/15. What is the greatest common divisor of 55 and u?
5
Let l(i) = -7*i**2 - 10*i - 18. Let t(c) = -c**2 - 1. Let j(n) = -l(n) + 6*t(n). Let p be j(-12). What is the greatest common divisor of 9 and p?
9
Suppose -5*a - 3*q = 11, -4*q - q - 10 = 0. Let j be 1/(a/(-86)) + 2. Calculate the greatest common divisor of 8 and j.
8
Let r be -2 - (1 - 18) - 1. What is the highest common divisor of 2 and r?
2
Suppose -7*h + 2*h - 4*d = -57, -16 = -2*h - 5*d. Let o = -1 + 3. Let j be (-12 + -1)*(o + -5). What is the greatest common factor of j and h?
13
Let r = 12 - 13. Let a be (-8)/4 - 38/r. Suppose 4*n - 13 = 23. Calculate the greatest common factor of a and n.
9
Let a be 6/4*(1 + 1). Let c(x) = x**3 - 36. Let i be c(0). Let d = -12 - i. What is the highest common factor of a and d?
3
Let f(h) = -40*h**3 - 4*h - 4. Let l be f(-2). What is the highest common factor of 36 and l?
36
Suppose -5*f + 5*v + 30 = 0, -f + 4*v + 0 = -15. Let s(j) = 38 - 3*j + f*j - j**2. Let t be s(0). Calculate the highest common divisor of 19 and t.
19
Let i(q) = -q - 1. Let u be i(-5). Let n(o) = 2*o + 4. Let x be n(u). Let j = -30 + 66. Calculate the highest common divisor of j and x.
12
Let z = -5 - -9. Suppose 31*x - 6*x - 100 = 0. Calculate the greatest common factor of z and x.
4
Suppose -f + 10 = -3*f. Let p = 3 - f. Suppose 3*h - 128 = -h. Calculate the greatest common divisor of p and h.
8
Let m(s) be the first derivative of -5*s**2/2 - 2*s + 1. Let y be m(-3). Let l be ((-104)/(-10))/((-1)/(-5)). Calculate the highest common factor of l and y.
13
Let t(f) = f**2 - 7*f + 9. Let u be t(8). Calculate the highest common divisor of u and 187.
17
Suppose 22*l - 39 = 19*l. Calculate the highest common divisor of 26 and l.
13
Let i(c) = 45*c + 1 + 43*c - 1. Let l be i(1). What is the highest common factor of l and 8?
8
Suppose 0 = -2*z + z + 56. Suppose -3 + 13 = 2*g. Suppose 0*h = g*h - 35. What is the highest common factor of h and z?
7
Let c = 16 + -15. Let z = 3 + 1. Calculate the greatest common factor of z and c.
1
Let k = 56 - 50. Calculate the greatest common divisor of k and 9.
3
Let a be ((-1)/(-2))/(9/756). Calculate the greatest common factor of 12 and a.
6
Suppose 5*x - 2*c = 64, -4*x + 2*c + 12 = -40. What is the greatest common divisor of 42 and x?
6
Let d(f) = f**3 + 17*f**2 + 9*f - 36. Let c be d(-16). Calculate the greatest common divisor of 57 and c.
19
Let g = 449 + -187. Suppose -s + 62 = 2*o - 0*o, 0 = 5*s - 2*o - g. Calculate the greatest common divisor of 36 and s.
18
Suppose -36 = -6*o + 2*o. Calculate the greatest common divisor of 36 and o.
9
Let l(u) = -u**2 + 11*u + 4. Suppose 15 = 2*b - 7. Let v be l(b). Calculate the highest common divisor of v and 20.
4
Let c be 15/2*4/6. Suppose c*h = 25 + 15. Let y(d) = d**3 - d**2 + 2. Let r be y(0). Calculate the highest common divisor of r and h.
2
Let s be 6 - (-4 - -6) - -86. Calculate the greatest common factor of s and 15.
15
Let f = -443 - -787. Let r = -239 + f. Suppose 5*u - 63 = 147. What is the greatest common divisor of u and r?
21
Suppose -4*y + 27 = -93. What is the greatest common divisor of y and 330?
30
Suppose -4*t + 2*d + 67 = -145, 0 = t - 2*d - 47. Calculate the highest common divisor of t and 11.
11
Let q(b) = 0 - 12*b + 24*b + 1 + 26*b. Let y be q(3). What is the highest common factor of 23 and y?
23
Let n = 12 - 10. Suppose v + 4*a + a = 90, -3*v - a + 270 = 0. Suppose 0 = -n*h + 5*h - v. What is the greatest common factor of h and 6?
6
Let q be (-61)/(-7) + (-8)/(-28). Suppose -q = -5*k + 1. Suppose k*y + 2*y - 8 = 0. Calculate the highest common divisor of y and 2.
2
Suppose 6*t - 2*t + 20 = 0. Let v = -28 + t. Let w be v/5*-2*5. Calculate the greatest common factor of w and 6.
6
Let q = 3 + -1. Suppose -3*f + 5*f = 28. Calculate the greatest common factor of f and q.
2
Suppose 3*n + h = 37, -8 + 81 = 5*n - 4*h. Calculate the greatest common factor of 52 and n.
13
Let c = 42 - 36. Calculate the highest common factor of 66 and c.
6
Suppose -31 = -3*y + 2. Calculate the highest common divisor of y and 121.
11
Let t be ((-3)/(-6))/(2*(-3)/(-756)). What is the greatest common divisor of 7 and t?
7
Let d be (2 - 2) + (-1 - -6). Let f be 243/15 - 1/d. What is the highest common factor of f and 48?
16
Let g(w) = -w**2 + w - 1. Let j(y) = -5*y**2 + y - 1. Let h(k) = 4*g(k) - j(k). Let u be h(-6). What is the highest common divisor of 45 and u?
15
Let x = 65 + -37. Calculate the greatest common divisor of x and 4.
4
Suppose -435 = 3*n + 33. Let i = -91 - 